986?
262
What is the remainder when 776 is divided by 243?
47
Calculate the remainder when 72578 is divided by 13.
12
What is the remainder when 328551 is divided by 5299?
13
Calculate the remainder when 18550 is divided by 24.
22
Calculate the remainder when 2182821 is divided by 427.
424
What is the remainder when 3308 is divided by 590?
358
What is the remainder when 1465 is divided by 36?
25
What is the remainder when 15261 is divided by 388?
129
What is the remainder when 318812 is divided by 17?
11
What is the remainder when 5949 is divided by 99?
9
What is the remainder when 811532 is divided by 319?
315
Calculate the remainder when 528397 is divided by 103.
7
Calculate the remainder when 629 is divided by 428.
201
What is the remainder when 248026 is divided by 16535?
1
Calculate the remainder when 60848 is divided by 72.
8
Calculate the remainder when 32176 is divided by 140.
116
What is the remainder when 235517 is divided by 23551?
7
Calculate the remainder when 2077 is divided by 414.
7
What is the remainder when 30041 is divided by 8?
1
Calculate the remainder when 841 is divided by 342.
157
What is the remainder when 1222487 is divided by 215?
212
What is the remainder when 26181 is divided by 29?
23
Calculate the remainder when 174319 is divided by 43579.
3
What is the remainder when 1178 is divided by 1050?
128
What is the remainder when 266234 is divided by 6?
2
What is the remainder when 13972 is divided by 2278?
304
Calculate the remainder when 38124 is divided by 1230.
1224
What is the remainder when 169248 is divided by 25?
23
Calculate the remainder when 90739 is divided by 87.
85
What is the remainder when 80560 is divided by 31?
22
Calculate the remainder when 909 is divided by 866.
43
What is the remainder when 99725 is divided by 1295?
10
What is the remainder when 18928 is divided by 39?
13
Calculate the remainder when 2792 is divided by 563.
540
What is the remainder when 46993 is divided by 534?
1
Calculate the remainder when 132443 is divided by 36.
35
Calculate the remainder when 2388 is divided by 334.
50
Calculate the remainder when 134385 is divided by 43.
10
What is the remainder when 125252 is divided by 62?
12
What is the remainder when 16584 is divided by 103?
1
What is the remainder when 112235 is divided by 3033?
14
What is the remainder when 62981 is divided by 195?
191
What is the remainder when 9313 is divided by 9152?
161
What is the remainder when 47601 is divided by 42?
15
What is the remainder when 790807 is divided by 10?
7
What is the remainder when 499 is divided by 446?
53
What is the remainder when 7037433 is divided by 42?
39
What is the remainder when 2399208 is divided by 55?
53
Calculate the remainder when 4842 is divided by 230.
12
What is the remainder when 18697 is divided by 287?
42
What is the remainder when 5901 is divided by 5869?
32
Calculate the remainder when 24657 is divided by 24642.
15
Calculate the remainder when 147173 is divided by 129.
113
What is the remainder when 213407 is divided by 468?
467
What is the remainder when 60091 is divided by 1036?
3
Calculate the remainder when 842 is divided by 384.
74
What is the remainder when 38810 is divided by 59?
47
What is the remainder when 34315 is divided by 88?
83
Calculate the remainder when 166238 is divided by 827.
11
What is the remainder when 173274 is divided by 23?
15
What is the remainder when 3484 is divided by 594?
514
Calculate the remainder when 53388 is divided by 10.
8
What is the remainder when 2770 is divided by 854?
208
What is the remainder when 62264 is divided by 15565?
4
Calculate the remainder when 12395 is divided by 43.
11
What is the remainder when 3305 is divided by 3217?
88
What is the remainder when 3305 is divided by 236?
1
Calculate the remainder when 2618 is divided by 1922.
696
Calculate the remainder when 244 is divided by 187.
57
What is the remainder when 196455 is divided by 49096?
71
What is the remainder when 1408 is divided by 1265?
143
What is the remainder when 1100 is divided by 271?
16
Calculate the remainder when 28312 is divided by 143.
141
What is the remainder when 2344 is divided by 252?
76
What is the remainder when 2143273 is divided by 25?
23
What is the remainder when 15307 is divided by 77?
61
Calculate the remainder when 64707 is divided by 21538.
93
Calculate the remainder when 73723 is divided by 56.
27
What is the remainder when 4496 is divided by 2217?
62
Calculate the remainder when 19618 is divided by 1957.
48
Calculate the remainder when 41693 is divided by 6945.
23
What is the remainder when 613 is divided by 265?
83
What is the remainder when 129022 is divided by 623?
61
What is the remainder when 2043732 is divided by 213?
210
What is the remainder when 65078 is divided by 21679?
41
What is the remainder when 89663 is divided by 448?
63
What is the remainder when 14989 is divided by 2659?
1694
What is the remainder when 2002 is divided by 684?
634
Calculate the remainder when 13558 is divided by 66.
28
Calculate the remainder when 1706 is divided by 1577.
129
What is the remainder when 7736 is divided by 242?
234
What is the remainder when 323037 is divided by 160?
157
What is the remainder when 624635 is divided by 512?
507
What is the remainder when 208144 is divided by 104071?
2
What is the remainder when 395079 is divided by 24690?
39
Calculate the remainder when 9954 is divided by 25.
4
Calculate the remainder when 187879 is divided by 711.
175
What is the remainder when 46560 is divided by 561?
558
What is the remainder when 10320 is divided by 154?
2
What is the remainder when 22929 is divided by 17?
13
Calculate the remainder when 327479 is divided by 351.
347
What is the remainder when 27735 is divided by 30?
15
Calculate the remainder when 7538 is divided by 22.
14
What is the remainder when 28762 is divided by 1558?
718
What is the remainder when 2097 is divided by 205?
47
Calculate the remainder when 372371 is divided by 57.
47
Calculate the remainder when 237 is divided by 10.
7
Calculate the remainder when 1256 is divided by 154.
24
What is the remainder when 8006 is divided by 1209?
752
What is the remainder when 828 is divided by 77?
58
What is the remainder when 1740 is divided by 200?
140
What is the remainder when 22955 is divided by 11470?
15
Calculate the remainder when 3014507 is divided by 68.
67
Calculate the remainder when 127903 is divided by 118.
109
What is the remainder when 6974 is divided by 712?
566
Calculate the remainder when 37860 is divided by 42.
18
What is the remainder when 12545037 is divided by 80?
77
Calculate the remainder when 39417 is divided by 79.
75
Calculate the remainder when 9319 is divided by 18.
13
Calculate the remainder when 2841 is divided by 151.
123
What is the remainder when 1348 is divided by 267?
13
What is the remainder when 461556 is divided by 510?
6
What is the remainder when 101174 is divided by 95?
94
Calculate the remainder when 17913 is divided by 19.
15
Calculate the remainder when 4683 is divided by 385.
63
What is the remainder when 229468 is divided by 568?
564
What is the remainder when 62555 is divided by 763?
752
What is the remainder when 4154 is divided by 95?
69
What is the remainder when 14726 is divided by 977?
71
Calculate the remainder when 825 is divided by 676.
149
What is the remainder when 47716 is divided by 41?
33
Calculate the remainder when 196529 is divided by 149.
147
Calculate the remainder when 14117 is divided by 30.
17
Calculate the remainder when 5602 is divided by 18.
4
What is the remainder when 27286 is divided by 202?
16
What is the remainder when 1065 is divided by 378?
309
Calculate the remainder when 17060 is divided by 2784.
356
Calculate the remainder when 71027 is divided by 139.
137
Calculate the remainder when 2438 is divided by 784.
86
Calculate the remainder when 5449 is divided by 170.
9
Calculate the remainder when 5705 is divided by 641.
577
What is the remainder when 7610 is divided by 2794?
2022
What is the remainder when 104488 is divided by 4975?
13
Calculate the remainder when 102351 is divided by 4.
3
What is the remainder when 1129 is divided by 967?
162
What is the remainder when 866632 is divided by 518?
18
What is the remainder when 190